**3 + 12*d**2 + 12*d + 14. Determine c(k).
3
Let f(x) = 5*x - 4. Let t(j) = -14*j + 13. Let i(n) = -11*f(n) - 4*t(n). Give i(6).
-2
Let a = 9 - 5. Suppose 0 = -a*w - 0*w - 32. Let n be 2/w*(-4)/1. Let t(u) = -5*u**2 - u + 1. What is t(n)?
-5
Let t(a) = a + 2. Let u be t(-4). Let r(b) be the third derivative of -1/6*b**4 + 5*b**2 + 0*b - 1/6*b**3 + 0. Calculate r(u).
7
Let d(u) = -6 + 0*u - 3*u + 6 + 4. Suppose -2*o + 32 = 5*l + 2*o, -o = -5*l + 17. What is d(l)?
-8
Let s = -2 + -1. Let b be s*1*(0 - 1). Let q(n) = 3*n - 2. What is q(b)?
7
Let n(i) = 4*i**2 - 3*i + 3. Let h be n(2). Suppose -h = 3*p - 1. Let v(x) = 2 + 1 + x + 2*x. What is v(p)?
-9
Let w(g) = g**2 + 4*g - 1. Suppose 9*x - 4*x - 100 = 0. Let c be ((-6)/4)/(10/x). Calculate w(c).
-4
Let s(c) be the third derivative of -2*c**2 - 7/6*c**3 + 0*c + 0 - 1/24*c**4. Determine s(-3).
-4
Let i(v) = -2*v**2 - 33 + 3*v**2 + 34. Give i(0).
1
Suppose 2*k = -0*k - 2. Let u(o) be the second derivative of -2*o**5/5 - o**3/3 - o**2/2 - 123*o. What is u(k)?
9
Let p(x) = 4*x**2 - 7*x + 2. Let c(l) = l**2 - l + 1. Let q(z) = 3*c(z) - p(z). Let a(y) = y. Let h be a(6). What is q(h)?
-11
Let i(c) = c**3 + 6*c**2 + 7*c + 7. Suppose -7*t - 8 = 27. Give i(t).
-3
Suppose -16*m + 100 = -6*m. Let j(r) = r - 12. Calculate j(m).
-2
Let h(o) be the first derivative of -2 - o**4 + 0 - 3*o**2 - o - 3 + 2*o**2. Give h(-1).
5
Let m = -86/3 + 29. Let b(d) be the second derivative of -3*d + 3/2*d**2 - 1/12*d**4 + 0 + m*d**3. Determine b(-2).
-5
Let z(k) = 4*k - 3 - 4*k - 9*k + 7*k. Determine z(3).
-9
Let j(g) = g**2 + 6*g + 3. Let u be j(-6). Suppose r - u*r = -4. Let d(k) = 0 + 4*k**2 + 3 + k**3 + k + r. Determine d(-4).
1
Let u = -5 + 9. Let x(m) be the first derivative of u*m + 3/2*m**2 - 1. Give x(-4).
-8
Let t = 36 + -22. Suppose -t*k + 11*k = 0. Let r(z) = z**3 + z**2 - z + 4. Give r(k).
4
Let j be (-3)/(-2)*(-16)/(-6). Let s = j + -2. Let a(z) = 3*z**2 + 4*z - 6. Let n(q) = q**2 + 2*q - 3. Let v(t) = -2*a(t) + 5*n(t). What is v(s)?
-3
Suppose 4*x - 29 + 5 = 0. Let r(o) = -o**3 + 5*o**2 + 8*o - 8. Give r(x).
4
Let o(v) = v**2 - 3*v - 4. Suppose -4 - 21 = -5*x. Calculate o(x).
6
Let m(q) be the first derivative of q**3/3 - 3*q**2/2 - 6*q + 7. Determine m(5).
4
Let g(x) be the first derivative of x**2/2 - 5*x - 8. Calculate g(5).
0
Let h be 4 + (-4)/(2 + 0). Let t = 2 + -2. Suppose q - 3*p + 7 = t, 4*q + p = 22 + h. Let r(n) = n. Determine r(q).
5
Let w be (4 + (-12)/3)/(-2). Let t(f) be the second derivative of -1/6*f**4 + 1/3*f**3 + w - 1/20*f**5 + 2*f - 1/2*f**2. Give t(1).
-2
Let w(c) = c**2 - 10*c - 5. Let q(b) = -b. Let z(a) = 2*q(a) - w(a). Let m be z(9). Let u(j) = -j**2 - 6*j - 2. What is u(m)?
6
Let g(r) = r. Let j(x) = -x**2 - 8*x. Let n be j(-7). Let f = -4 + n. Suppose 5*l = -w + 27, -l + 3*w - 4 = -f. Calculate g(l).
5
Let d(f) = f**3 - 2*f**2 + f - 1. Let x be d(2). Let m(a) = 0*a**3 + 0 - 7*a**3 + 3 - 2. Determine m(x).
-6
Let t be (-2)/6 + (-34)/6. Let m(k) = k**2 + 13*k + 16. Let h(y) = -y**2 - 12*y - 15. Let u(c) = -7*h(c) - 6*m(c). Determine u(t).
9
Let i(p) = p + 2. Suppose 24 = 2*g - 4*l, 5*g - 2*g - 27 = -3*l. Let v = g + -5. Suppose 3*k = -2*z, 0 = -v*z + 4*z + 3. What is i(k)?
0
Let l(o) = -o - 5. Suppose 4*w - 2*w - 2 = 0. Let q = w + -5. Determine l(q).
-1
Let i(g) = -14*g**2 - 32*g + 8. Let v(n) = -5*n**2 - 11*n + 3. Let h(p) = -3*i(p) + 8*v(p). Calculate h(-6).
24
Let p(j) = 2*j + 5. Let b(h) = h - 1. Let r(a) = 4*b(a) + p(a). What is r(2)?
13
Let a = -4 - -4. Let w(f) = -3*f**2 + a*f**2 + 5*f - 3 + 4*f**2 - 4. What is w(-5)?
-7
Let c(h) = -13 - 9*h + 7*h + 17. What is c(-3)?
10
Let b = 17 + -14. Let m(s) = 2*s + 2. Give m(b).
8
Let w(n) be the second derivative of -5*n**3/6 + n. Determine w(1).
-5
Let d(f) = 5*f - 7. Let s(q) = 6*q - 8. Let w(r) = -5*d(r) + 4*s(r). Suppose -2*m + 0*m = -4. Suppose 4*x + 4*v - 28 = 0, -5*x + 4 = -m*v - 3. Give w(x).
0
Let n = -3 + 0. Let q(b) be the third derivative of -b**6/360 - b**5/120 + b**4/12 - b**3/3 + 3*b**2. Let v(f) be the first derivative of q(f). Determine v(n).
-4
Let g = 54 - 57. Let r(j) = 2*j. Give r(g).
-6
Let h(u) be the third derivative of 2*u**2 + 1/24*u**4 + 0*u + 0 + 5/6*u**3. What is h(6)?
11
Let a(n) = n**2 + 2*n - 1. Let q be a(1). Let d(b) = 0*b - q + b - 1. Calculate d(7).
4
Suppose 5*q - 26 = 49. Suppose -3*w + 50 = 5*l + 20, -5*l + q = 0. Let v(f) = 4 + f - w - 2*f. What is v(-1)?
0
Let n(d) = -d - 4 - d**3 - 2*d + 3*d**2 - 7*d**2. Let p be 33/22*8/(-3). What is n(p)?
8
Suppose -8*u = -3*u - 15. Let y(v) = -u - v**3 + 0*v**3 + 5*v**2 - 1 + 0*v**2. Give y(5).
-4
Let f be 4/(1 - 0 - -1). Suppose 2*r + f*r = 0. Let b(q) = r*q - 3*q + 2*q. What is b(-4)?
4
Let r(g) = g**2 + 4*g - 7. Suppose 0 = 17*q - 18*q. Suppose 4*i - 20 = 4*m + 3*i, q = -i. Determine r(m).
-2
Let h(a) = -a**2 - 5 + 3 - 2*a + 5*a. Suppose -5*l = -5*v, 0*v - 4*v - 3 = -5*l. Give h(v).
-2
Let p(t) = -t + 3. Suppose 0*c + 8 = c. Determine p(c).
-5
Let c(f) = -19*f + 0*f**2 - 21*f - 4 + 3*f**2 + 35*f + f**3. What is c(-3)?
11
Let w = -9 - -14. Suppose -31 = 5*z + 3*g, 4*z + w*g = -25 - 5. Let u(v) = v - 2. What is u(z)?
-7
Let g(r) = -r + 5. Let m be (-2)/(-3)*(-18)/(-2). Suppose -2*p = -m*p. Suppose p = -2*o - 0*o + 8. Calculate g(o).
1
Suppose 8 = -j - 3*m, -4*j - 3*m - 16 = j. Let u(o) be the first derivative of -2*o**2 + o + 9. What is u(j)?
9
Let s(y) = -y**2 - 4*y + 3 - 4 + 8*y. Let w be s(4). Let k(v) = 11*v**2 - v - 1. Calculate k(w).
11
Let n(c) = c**2 - 3*c - 4. Let o be n(5). Let m(f) = f**3 - 6*f**2 + f - 7. Give m(o).
-1
Let y(u) = u**2 - 1. Let n(d) = -4*d**2 + 4*d + 8. Let q(b) = n(b) + 6*y(b). Let a(z) = z**3 - 7*z**2 + 6*z - 2. Let w be a(6). Determine q(w).
2
Let c(i) = i**2 + 7*i - 1. Suppose 0 = 5*r - 2*n + 32, 0*r - 14 = 2*r - 2*n. What is c(r)?
-7
Let l be (2 + (-1)/2)*4. Suppose -24 = -5*v + l. Suppose 3*r - v = r. Let u(t) = -t**3 + 4*t**2 - t - 3. Determine u(r).
3
Let o(r) be the third derivative of r**4/8 + r**3/3 - 6*r**2. Give o(-4).
-10
Let d(i) = i**2 - 6*i - 2. Let k = -3 + 17. Suppose 0 = 3*w - 1 - k. What is d(w)?
-7
Let i(t) = 5*t**2 - 4*t - 5. Let y(k) = 9*k**2 - 7*k - 9. Let d(o) = 7*i(o) - 4*y(o). Let p be 12/(-10) + 3/15. What is d(p)?
0
Let q(c) = 6*c + 6*c - c**2 - 2*c - 4 - 5*c. What is q(4)?
0
Let p(n) = 25*n - 24*n - 2 + 3. What is p(-5)?
-4
Let h(z) be the second derivative of -z**5/20 - z**4/3 + 5*z**3/6 + z**2 - 5*z - 2. What is h(-5)?
2
Let d(k) = 4 + 1 + 1 - 2*k + 1. Let w(c) = -c + 8. Let r be w(3). Determine d(r).
-3
Let z(y) be the second derivative of 5*y**3/6 + y**2/2 + 2*y. Let l be 4 + -4 + 2 + -1. Determine z(l).
6
Let j(o) = 1 + 5*o**2 + 9*o - 3*o - 8 - 4*o**2. Calculate j(-6).
-7
Let d(u) be the second derivative of u**4/4 - u**2/2 - 3*u. Calculate d(-2).
11
Suppose 7 = 2*h - 4*q + 7*q, -5*h + 5 = -5*q. Let t(c) be the third derivative of -1/6*c**3 - 5/24*c**4 - 4*c**h + 0*c + 0. Determine t(1).
-6
Let h(w) be the third derivative of w**6/120 + w**5/30 - w**4/24 - w**3/2 + 7*w**2. Give h(-3).
-9
Let v(j) be the third derivative of j**6/120 + j**5/60 - j**4/24 + 2*j**3/3 - 5*j**2. Suppose k = -3*o - 5, 3*o - 15 = 2*o + 3*k. Give v(o).
4
Let x(m) be the second derivative of m**4/4 + m**2/2 + 48*m. What is x(-2)?
13
Let z(w) = w**2 - 3*w + 4. Let f be z(0). Let i(p) = -8 + 2 + 2*p + 3. Give i(f).
5
Let c = -8 + 13. Let f(h) be the third derivative of -h**5/60 + 5*h**4/24 - 5*h**3/6 + 2*h**2. Determine f(c).
-5
Let q(f) = -9*f + 41. Let a be q(4). Let g(t) = t**2 - 6*t - 3. What is g(a)?
-8
Let n(l) = -3*l - 6. Let f be n(-4). Let r(p) = 14 + p - p**2 + p + f*p**3 - 15. Determine r(1).
6
Suppose 2*v = 5*j + 22, j + 4 = v + 2. Let h be 1/(-2) - 15/j. Let g(l) = 2*l**h - 1 + 2*l**2 + 0. Give g(-1).
3
Let t(c) = c**2 + c - 1. Let m(k) = k**2 - k. Let j be m(0). Let h be j/3 - (-1 - 1). Suppose -2*f = 2 + h. Determine t(f).
1
Let c(d) = d**2 + 7*d + 5. Suppose 4*x = 2*a - 20, -3 = 3*x + 3*a + 3. What is c(x)?
-7
Suppose 4*t + 0 - 16 = 0. Let w be ((-2)/t)/(6/60). Let a(l) = -2*l - 3. Calculate a(w).
7
Let v(k) = k**3 - 5*k**2 - 6*k + 1. Let h be v(6). Let r(g) = -2*g**2 - 1. Calculate r(h).
-3
Let f(o) be the third derivative of -o**6/120 + o**5/30 - o**4/12 - o**2. Let p = -9 + 12. Suppose -3 = -3*n + p